{"version":"1.0","type":"rich","width":"560px","height":"140px","title":"L\u2019inici de Twenty Twenty-Seven - Sis mesos abans del que \u00e9s habitual, comen\u00e7a el proc\u00e9s de creaci\u00f3 de Twenty Twenty-Seven, un tema que es preveu d\u2019all\u00f2 m\u00e9s estable amb el seu llan\u00e7ament juntament amb WordPress 7.2.","url":"https:\/\/www.wppodcast.cat\/podcast\/linici-de-twenty-twenty-seven\/","author_name":"WordPress P\u00f2dcast (catal\u00e0) - Informaci\u00f3 de la Comunitat del WordPress","author_url":"https:\/\/www.wppodcast.cat","thumbnail_url":"https:\/\/www.wppodcast.cat\/wp-content\/uploads\/sites\/4\/2024\/05\/background.png","html":"<iframe width=\"560px\" height=\"140px\" src=\"https:\/\/www.wppodcast.cat\/podcast\/linici-de-twenty-twenty-seven\/?standalonePlayer\"><\/iframe>"}

L’inici de Twenty Twenty-Seven - Sis mesos abans del que és habitual, comença el procés de creació de Twenty Twenty-Seven, un tema que es preveu d’allò més estable amb el seu llançament juntament amb WordPress 7.2.

WordPress Pòdcast (català) - Informació de la Comunitat del WordPress
