{"version":"1.0","type":"rich","width":"560px","height":"140px","title":"Qu\u00e8 portar\u00e0 WordPres 6.9 - Ara que s'ha llan\u00e7at la versi\u00f3 candidata de WordPress 6.9, comencen a saber-se, amb detall, les funcionalitats que vindran en aquesta nova versi\u00f3.","url":"https:\/\/www.wppodcast.cat\/podcast\/que-portara-wordpres-6-9\/","author_name":"WordPress P\u00f2dcast (catal\u00e0) - Informaci\u00f3 de la Comunitat del WordPress","author_url":"https:\/\/www.wppodcast.cat","thumbnail_url":"https:\/\/www.wppodcast.cat\/wp-content\/uploads\/sites\/4\/2024\/05\/background.png","html":"<iframe width=\"560px\" height=\"140px\" src=\"https:\/\/www.wppodcast.cat\/podcast\/que-portara-wordpres-6-9\/?standalonePlayer\"><\/iframe>"}

Què portarà WordPres 6.9 - Ara que s'ha llançat la versió candidata de WordPress 6.9, comencen a saber-se, amb detall, les funcionalitats que vindran en aquesta nova versió.

WordPress Pòdcast (català) - Informació de la Comunitat del WordPress
